{"id":94,"date":"2020-09-10T20:57:42","date_gmt":"2020-09-10T20:57:42","guid":{"rendered":"http:\/\/macher.ga\/fluogas\/?post_type=product&#038;p=94"},"modified":"2020-10-20T18:54:16","modified_gmt":"2020-10-20T18:54:16","slug":"serie-lsx","status":"publish","type":"product","link":"https:\/\/fluogas.com\/?product=serie-lsx","title":{"rendered":"Serie LSX"},"content":{"rendered":"<div id=\"showMoreText3\" class=\"honShowMore\">\n<p>Los interruptores LSX MICRO SWITCH para \u00e1reas peligrosas est\u00e1n dise\u00f1ados para ser usados en ambientes adversos. Est\u00e1n aprobados para usar en ubicaciones peligrosas y atm\u00f3sferas con clasificaci\u00f3n\u00a0NEMA gracias a que sus carcasas resistentes tienen trayectoria de las llamas. Esta trayectoria de las llamas fuerza a que los gases expansores internos se enfr\u00eden por debajo de las temperaturas de ignici\u00f3n de la atm\u00f3sfera externa antes de que salgan de la carcasa. La Serie\u00a0LSX tambi\u00e9n cuenta con capacidad de sustituci\u00f3n de seguimiento con interruptores para \u00e1reas peligrosas Serie\u00a0BX\u00a0MICRO SWITCH. Una placa de montaje opcional brinda las mismas gu\u00edas y el mismo montaje que la Serie\u00a0HDLS est\u00e1ndar (interruptor l\u00edmite de uso intensivo).<\/p>\n<p>La mayor\u00eda de los cabezales de operaci\u00f3n y las opciones de circuitos de HDLS est\u00e1n disponibles en la Serie\u00a0LSX. Los productos con actuador giratorio de la Serie\u00a0LSX est\u00e1n dise\u00f1ados para usar con palancas que tienen actuadores antichispas debido al entorno potencialmente peligroso. Los dem\u00e1s estilos de interruptores de la Serie\u00a0LSX que son productos accionados por \u00e9mbolo y oscilaci\u00f3n incorporan un actuador integral antichispas.<\/p>\n<\/div>\n","protected":false},"excerpt":{"rendered":"<p>Los interruptores LSX MICRO SWITCH para \u00e1reas peligrosas est\u00e1n dise\u00f1ados para ser usados en ambientes adversos. Est\u00e1n aprobados para usar en ubicaciones peligrosas y atm\u00f3sferas con clasificaci\u00f3n\u00a0NEMA gracias a que sus carcasas resistentes tienen trayectoria de las llamas.<\/p>\n","protected":false},"featured_media":6010,"template":"","meta":[],"_links":{"self":[{"href":"https:\/\/fluogas.com\/index.php?rest_route=\/wp\/v2\/product\/94"}],"collection":[{"href":"https:\/\/fluogas.com\/index.php?rest_route=\/wp\/v2\/product"}],"about":[{"href":"https:\/\/fluogas.com\/index.php?rest_route=\/wp\/v2\/types\/product"}],"version-history":[{"count":0,"href":"https:\/\/fluogas.com\/index.php?rest_route=\/wp\/v2\/product\/94\/revisions"}],"wp:featuredmedia":[{"embeddable":true,"href":"https:\/\/fluogas.com\/index.php?rest_route=\/wp\/v2\/media\/6010"}],"wp:attachment":[{"href":"https:\/\/fluogas.com\/index.php?rest_route=%2Fwp%2Fv2%2Fmedia&parent=94"}],"curies":[{"name":"wp","href":"https:\/\/api.w.org\/{rel}","templated":true}]}}