{"id":6117,"date":"2020-10-20T21:33:23","date_gmt":"2020-10-20T21:33:23","guid":{"rendered":"http:\/\/macher.ga\/fluogas\/?post_type=product&#038;p=6117"},"modified":"2020-10-20T21:33:23","modified_gmt":"2020-10-20T21:33:23","slug":"14nt1-6","status":"publish","type":"product","link":"https:\/\/fluogas.com\/?product=14nt1-6","title":{"rendered":"14NT1-6"},"content":{"rendered":"<p><span class=\"product-description-text\">Interruptor manual Serie NT MICRO SWITCH, 4 polos, 2 posiciones, Terminales para soldar, Palanca de bloqueo.<\/span><br \/>\nLos interruptores manuales Serie\u00a0NT MICRO SWITCH satisfacen las necesidades de un interruptor manual resistente y econ\u00f3mico. Las caracter\u00edsticas de la construcci\u00f3n de calidad incluyen un sellado entre la palanca manual y el manguito, y entre la cubierta y la estructura. Estos interruptores pueden usarse en lugares en los que los paneles pueden recibir salpicaduras, se lavan con manguera o est\u00e1n al aire libre. El manguito roscado de \u201cf\u00e1cil inicio\u201d permite una alineaci\u00f3n r\u00e1pida de la tuerca de montaje para reducir la posibilidad de cruzado de la rosca. La caracter\u00edstica de separaci\u00f3n del panel con junta o-ring disponible en algunos listados elimina la necesidad de equipos detr\u00e1s del panel, ofrece una altura del panel uniforme y le brinda a este un sellado de cubierta.<\/p>\n","protected":false},"excerpt":{"rendered":"<p>Interruptor manual Serie NT MICRO SWITCH, 4 polos, 2 posiciones, &hellip;<\/p>\n","protected":false},"featured_media":6119,"template":"","meta":[],"_links":{"self":[{"href":"https:\/\/fluogas.com\/index.php?rest_route=\/wp\/v2\/product\/6117"}],"collection":[{"href":"https:\/\/fluogas.com\/index.php?rest_route=\/wp\/v2\/product"}],"about":[{"href":"https:\/\/fluogas.com\/index.php?rest_route=\/wp\/v2\/types\/product"}],"version-history":[{"count":0,"href":"https:\/\/fluogas.com\/index.php?rest_route=\/wp\/v2\/product\/6117\/revisions"}],"wp:featuredmedia":[{"embeddable":true,"href":"https:\/\/fluogas.com\/index.php?rest_route=\/wp\/v2\/media\/6119"}],"wp:attachment":[{"href":"https:\/\/fluogas.com\/index.php?rest_route=%2Fwp%2Fv2%2Fmedia&parent=6117"}],"curies":[{"name":"wp","href":"https:\/\/api.w.org\/{rel}","templated":true}]}}