{"id":61,"date":"2020-09-10T20:19:34","date_gmt":"2020-09-10T20:19:34","guid":{"rendered":"http:\/\/macher.ga\/fluogas\/?post_type=product&#038;p=61"},"modified":"2020-10-20T19:07:11","modified_gmt":"2020-10-20T19:07:11","slug":"serie-ngc","status":"publish","type":"product","link":"https:\/\/fluogas.com\/?product=serie-ngc","title":{"rendered":"Serie NGC"},"content":{"rendered":"<div id=\"showMoreText3\" class=\"honShowMore\">\n<p>Los interruptores l\u00edmite de carrera compactos Serie NGC MICRO SWITCH de Honeywell son una plataforma configurable de interruptores para uso moderado que permiten que el cliente elija circuitos SPDT (unipolar de doble tiro) o DPDT (bipolar de doble tiro) al tiempo que mantienen la misma carcasa y el tama\u00f1o del montaje en toda la Serie\u00a0NGC. La Serie NGC MICRO SWITCH puede configurarse de m\u00e1s de 380.000\u00a0maneras, cuenta con aprobaciones globales y tiene sellado IP67 para su posible uso en aplicaciones en interiores y exteriores.<\/p>\n<p class=\"h4\">Valor para los clientes<\/p>\n<ul>\n<li>Rentables<b>:<\/b> Ofrece una \u00fanica fuente para un interruptor l\u00edmite de carrera SPDT y DPDT compacto, lo cual puede ayudar a minimizar los gastos de suministro del fabricante de equipos originales al simplificar la cadena de suministro.<\/li>\n<li>Vers\u00e1til<b>:<\/b> El encapsulado resistente permite el uso en muchas aplicaciones en interiores y exteriores hostiles y, as\u00ed, ofrece un rendimiento confiable.<\/li>\n<li>Configurable<b>:<\/b> Permite que los ingenieros de dise\u00f1o estandaricen un tama\u00f1o \u00fanico y, al mismo tiempo, cumplan con una variedad de requisitos el\u00e9ctricos.<\/li>\n<li>Soporte de aplicaciones<b>:<\/b> Los clientes con presencia global pueden contar con el soporte regional de Honeywell para nuevas aplicaciones y resoluci\u00f3n de problemas.<\/li>\n<\/ul>\n<p class=\"h4\">Diferenciadores<\/p>\n<ul>\n<li>Con una resistencia a la vibraci\u00f3n (10\u00a0g) y los impactos (50\u00a0g) que duplica la de los dispositivos similares de la competencia, la Serie NGC puede implementarse en las condiciones ambientales m\u00e1s hostiles para brindar mayor confiabilidad y repetibilidad.<\/li>\n<li>La capacidad de corriente m\u00e1s amplia (10\u00a0A) que otros dispositivos similares permite su posible uso en una gama m\u00e1s variada de aplicaciones, lo que facilita la estandarizaci\u00f3n de la plataforma.<\/li>\n<\/ul>\n<\/div>\n","protected":false},"excerpt":{"rendered":"<p>Los interruptores l\u00edmite de carrera compactos Serie NGC MICRO SWITCH de Honeywell son una plataforma configurable de interruptores para uso moderado que permiten que el cliente elija circuitos SPDT (unipolar de doble tiro) o DPDT (bipolar de doble tiro) al tiempo que mantienen la misma carcasa y el tama\u00f1o del montaje en toda la Serie\u00a0NGC.<\/p>\n","protected":false},"featured_media":6029,"template":"","meta":[],"_links":{"self":[{"href":"https:\/\/fluogas.com\/index.php?rest_route=\/wp\/v2\/product\/61"}],"collection":[{"href":"https:\/\/fluogas.com\/index.php?rest_route=\/wp\/v2\/product"}],"about":[{"href":"https:\/\/fluogas.com\/index.php?rest_route=\/wp\/v2\/types\/product"}],"version-history":[{"count":0,"href":"https:\/\/fluogas.com\/index.php?rest_route=\/wp\/v2\/product\/61\/revisions"}],"wp:featuredmedia":[{"embeddable":true,"href":"https:\/\/fluogas.com\/index.php?rest_route=\/wp\/v2\/media\/6029"}],"wp:attachment":[{"href":"https:\/\/fluogas.com\/index.php?rest_route=%2Fwp%2Fv2%2Fmedia&parent=61"}],"curies":[{"name":"wp","href":"https:\/\/api.w.org\/{rel}","templated":true}]}}