{"id":58,"date":"2020-09-10T20:16:44","date_gmt":"2020-09-10T20:16:44","guid":{"rendered":"http:\/\/macher.ga\/fluogas\/?post_type=product&#038;p=58"},"modified":"2020-10-20T19:12:18","modified_gmt":"2020-10-20T19:12:18","slug":"serie-bzg-bzh","status":"publish","type":"product","link":"https:\/\/fluogas.com\/?product=serie-bzg-bzh","title":{"rendered":"Serie BZG\/BZH"},"content":{"rendered":"<p>Los interruptores BZG\/BZH de Honeywell tienen una junta con sellado de neopreno entre las mitades de la carcasa, actuadores de elast\u00f3mero, conectores de conductos sellados y carcasa de aluminio de fundici\u00f3n. Los orificios de montaje est\u00e1n ubicados fuera de la cavidad del interruptor y admiten tornillos n.\u00ba\u00a010. Se puede agregar una luz piloto de ne\u00f3n a los interruptores que tienen dos aberturas de conductos para indicar el estado del contacto.<\/p>\n","protected":false},"excerpt":{"rendered":"<p>Los interruptores BZG\/BZH de Honeywell tienen una junta con sellado de neopreno entre las mitades de la carcasa, actuadores de elast\u00f3mero, conectores de conductos sellados y carcasa de aluminio de fundici\u00f3n. Los orificios de montaje est\u00e1n ubicados fuera de la cavidad del interruptor y admiten tornillos n.\u00ba\u00a010.<\/p>\n","protected":false},"featured_media":6032,"template":"","meta":[],"_links":{"self":[{"href":"https:\/\/fluogas.com\/index.php?rest_route=\/wp\/v2\/product\/58"}],"collection":[{"href":"https:\/\/fluogas.com\/index.php?rest_route=\/wp\/v2\/product"}],"about":[{"href":"https:\/\/fluogas.com\/index.php?rest_route=\/wp\/v2\/types\/product"}],"version-history":[{"count":0,"href":"https:\/\/fluogas.com\/index.php?rest_route=\/wp\/v2\/product\/58\/revisions"}],"wp:featuredmedia":[{"embeddable":true,"href":"https:\/\/fluogas.com\/index.php?rest_route=\/wp\/v2\/media\/6032"}],"wp:attachment":[{"href":"https:\/\/fluogas.com\/index.php?rest_route=%2Fwp%2Fv2%2Fmedia&parent=58"}],"curies":[{"name":"wp","href":"https:\/\/api.w.org\/{rel}","templated":true}]}}