{"id":5628,"date":"2020-10-19T20:40:37","date_gmt":"2020-10-19T20:40:37","guid":{"rendered":"http:\/\/macher.ga\/fluogas\/?post_type=product&#038;p=5628"},"modified":"2020-10-19T20:40:37","modified_gmt":"2020-10-19T20:40:37","slug":"cable-extension-p-s7800-3-mt-221818c","status":"publish","type":"product","link":"https:\/\/fluogas.com\/?product=cable-extension-p-s7800-3-mt-221818c","title":{"rendered":"CABLE EXTENSION P\/ S7800 3 MT (221818C)"},"content":{"rendered":"<div class=\"celular overview\">\n<div class=\"cuerpo\">\n<div class=\"descripcion\">\n<p class=\"ng-binding\">La cubierta contiene un conector que hace la interface con el conector del bus de la computadora de los dispositivos de la SERIE7800, el cual, a trav\u00e9s del cable adjunto al ensamblaje, suministra la conecci\u00f3n al M\u00f3dulo de Pantalla con Teclado (MPT) instalado remotamente. El Ensamblaje de Cable de Extensi\u00f3n 221818C tiene un ensamblaje de 120 pulgadas (3048 mm)<\/p>\n<\/div>\n<\/div>\n<\/div>\n<div class=\"celular fotos\">\n<div class=\"boton\"><\/div>\n<div class=\"cuerpo\">\n<div class=\"arrow arrow-left\"><\/div>\n<div class=\"imagen fadeIn ng-scope\"><\/div>\n<\/div>\n<\/div>\n","protected":false},"excerpt":{"rendered":"<p>La cubierta contiene un conector que hace la interface con &hellip;<\/p>\n","protected":false},"featured_media":5629,"template":"","meta":[],"_links":{"self":[{"href":"https:\/\/fluogas.com\/index.php?rest_route=\/wp\/v2\/product\/5628"}],"collection":[{"href":"https:\/\/fluogas.com\/index.php?rest_route=\/wp\/v2\/product"}],"about":[{"href":"https:\/\/fluogas.com\/index.php?rest_route=\/wp\/v2\/types\/product"}],"version-history":[{"count":0,"href":"https:\/\/fluogas.com\/index.php?rest_route=\/wp\/v2\/product\/5628\/revisions"}],"wp:featuredmedia":[{"embeddable":true,"href":"https:\/\/fluogas.com\/index.php?rest_route=\/wp\/v2\/media\/5629"}],"wp:attachment":[{"href":"https:\/\/fluogas.com\/index.php?rest_route=%2Fwp%2Fv2%2Fmedia&parent=5628"}],"curies":[{"name":"wp","href":"https:\/\/api.w.org\/{rel}","templated":true}]}}