{"id":5588,"date":"2020-10-18T01:45:53","date_gmt":"2020-10-18T01:45:53","guid":{"rendered":"http:\/\/macher.ga\/fluogas\/?post_type=product&#038;p=5588"},"modified":"2020-10-19T22:48:50","modified_gmt":"2020-10-19T22:48:50","slug":"modulo-i-o-analogico-r8001u3001","status":"publish","type":"product","link":"https:\/\/fluogas.com\/?product=modulo-i-o-analogico-r8001u3001","title":{"rendered":"MODULO I\/O ANALOGICO (R8001U3001)"},"content":{"rendered":"<p>M<span style=\"font-size: 14pt;\">\u00f3dulo anal\u00f3gico M\u00f3dulo universal digital de entrada y salida, configurable para 0-10 V, 4-20mA, termopar, RTD, NTC, PWM y m\u00e1s<\/span><\/p>\n","protected":false},"excerpt":{"rendered":"<p>M\u00f3dulo anal\u00f3gico M\u00f3dulo universal digital de entrada y salida, configurable &hellip;<\/p>\n","protected":false},"featured_media":5735,"template":"","meta":[],"_links":{"self":[{"href":"https:\/\/fluogas.com\/index.php?rest_route=\/wp\/v2\/product\/5588"}],"collection":[{"href":"https:\/\/fluogas.com\/index.php?rest_route=\/wp\/v2\/product"}],"about":[{"href":"https:\/\/fluogas.com\/index.php?rest_route=\/wp\/v2\/types\/product"}],"version-history":[{"count":0,"href":"https:\/\/fluogas.com\/index.php?rest_route=\/wp\/v2\/product\/5588\/revisions"}],"wp:featuredmedia":[{"embeddable":true,"href":"https:\/\/fluogas.com\/index.php?rest_route=\/wp\/v2\/media\/5735"}],"wp:attachment":[{"href":"https:\/\/fluogas.com\/index.php?rest_route=%2Fwp%2Fv2%2Fmedia&parent=5588"}],"curies":[{"name":"wp","href":"https:\/\/api.w.org\/{rel}","templated":true}]}}