{"id":5465,"date":"2020-10-17T01:33:30","date_gmt":"2020-10-17T01:33:30","guid":{"rendered":"http:\/\/macher.ga\/fluogas\/?post_type=product&#038;p=5465"},"modified":"2020-10-19T23:34:27","modified_gmt":"2020-10-19T23:34:27","slug":"rm7895a1014","status":"publish","type":"product","link":"https:\/\/fluogas.com\/?product=rm7895a1014","title":{"rendered":"RM7895A1014"},"content":{"rendered":"<p><span style=\"font-size: 14pt;\">El Honeywell EC7895 \/ RM7895 \/ RM7896 es un control de quemador integrado basado en microprocesador para quemador autom\u00e1tico de gas, aceite o combustible combinado de un solo quemador aplicaciones. Un m\u00f3dulo de rel\u00e9, subbase, amplificador y purga Se requieren tarjetas para completar el sistema. Las opciones incluyen M\u00f3dulo de pantalla del teclado (KDM), m\u00f3dulo Modbus \u2122, DATA CONTROLBUS MODULE \u2122, montaje de pantalla remota, y<\/span><br \/>\n<span style=\"font-size: 14pt;\">Anunciador expandido en primer lugar. El m\u00f3dulo de rel\u00e9s est\u00e1 programado para proporcionar un nivel de seguridad, capacidad funcional y caracter\u00edsticas m\u00e1s all\u00e1 de la capacidad de controles convencionales<\/span><\/p>\n","protected":false},"excerpt":{"rendered":"<p>El Honeywell EC7895 \/ RM7895 \/ RM7896 es un control &hellip;<\/p>\n","protected":false},"featured_media":5812,"template":"","meta":[],"_links":{"self":[{"href":"https:\/\/fluogas.com\/index.php?rest_route=\/wp\/v2\/product\/5465"}],"collection":[{"href":"https:\/\/fluogas.com\/index.php?rest_route=\/wp\/v2\/product"}],"about":[{"href":"https:\/\/fluogas.com\/index.php?rest_route=\/wp\/v2\/types\/product"}],"version-history":[{"count":1,"href":"https:\/\/fluogas.com\/index.php?rest_route=\/wp\/v2\/product\/5465\/revisions"}],"predecessor-version":[{"id":5813,"href":"https:\/\/fluogas.com\/index.php?rest_route=\/wp\/v2\/product\/5465\/revisions\/5813"}],"wp:featuredmedia":[{"embeddable":true,"href":"https:\/\/fluogas.com\/index.php?rest_route=\/wp\/v2\/media\/5812"}],"wp:attachment":[{"href":"https:\/\/fluogas.com\/index.php?rest_route=%2Fwp%2Fv2%2Fmedia&parent=5465"}],"curies":[{"name":"wp","href":"https:\/\/api.w.org\/{rel}","templated":true}]}}