{"id":5454,"date":"2020-10-17T01:19:25","date_gmt":"2020-10-17T01:19:25","guid":{"rendered":"http:\/\/macher.ga\/fluogas\/?post_type=product&#038;p=5454"},"modified":"2020-10-19T23:39:18","modified_gmt":"2020-10-19T23:39:18","slug":"rm7840l1075","status":"publish","type":"product","link":"https:\/\/fluogas.com\/?product=rm7840l1075","title":{"rendered":"RM7840L1075"},"content":{"rendered":"<p><span style=\"font-size: 14pt;\">Los M\u00f3dulos de Rel\u00e9 RM7800\/RM7840 de Honeywell son controles de quemadores basados en micro procesadores para su aplicaci\u00f3n en sistemas de encendido autom\u00e1tico de gas, diesel o combinaci\u00f3n de combustibles en un solo quemador. Los M\u00f3dulos de Rel\u00e9 se utilizan para su aplicaci\u00f3n en quemadores UL\/CSA On\/Off, UL\/CSA Modulaci\u00f3n y FM\/IRI aplicaciones de quemadores de Modulaci\u00f3n. El sistema RM7800\/RM7840 consiste en un M\u00f3dulo de Rel\u00e9, M\u00f3dulo de Pantalla con Teclado (de norma con el RM7800), Cubierta Guardapolvo (de norma con el RM7840), Subbase, Amplificador y Tarjeta de Purga. Las opciones incluyen Interfaz para Computadora Personal, DATA CONTROLBUS MODULE, Montaje Remota de Pantalla, Anunciador Expandido y el Software Combustion System Manager.<\/span><br \/>\n<span style=\"font-size: 14pt;\">Las funciones que proporciona el RM7800 \/ RM7840 incluyen la secuencia autom\u00e1tica de encendido de quemadores, supervisi\u00f3n de llama, indicaci\u00f3n del estado del sistema, diagn\u00f3stico del sistema o autodiagn\u00f3stico y detecci\u00f3n de problemas. El RM7800\/RM7840 es un substituto de estado s\u00f3lido para el Programador Autom\u00e1tico electromec\u00e1nico R4140.<\/span><\/p>\n","protected":false},"excerpt":{"rendered":"<p>Los M\u00f3dulos de Rel\u00e9 RM7800\/RM7840 de Honeywell son controles de &hellip;<\/p>\n","protected":false},"featured_media":5812,"template":"","meta":[],"_links":{"self":[{"href":"https:\/\/fluogas.com\/index.php?rest_route=\/wp\/v2\/product\/5454"}],"collection":[{"href":"https:\/\/fluogas.com\/index.php?rest_route=\/wp\/v2\/product"}],"about":[{"href":"https:\/\/fluogas.com\/index.php?rest_route=\/wp\/v2\/types\/product"}],"version-history":[{"count":1,"href":"https:\/\/fluogas.com\/index.php?rest_route=\/wp\/v2\/product\/5454\/revisions"}],"predecessor-version":[{"id":5818,"href":"https:\/\/fluogas.com\/index.php?rest_route=\/wp\/v2\/product\/5454\/revisions\/5818"}],"wp:featuredmedia":[{"embeddable":true,"href":"https:\/\/fluogas.com\/index.php?rest_route=\/wp\/v2\/media\/5812"}],"wp:attachment":[{"href":"https:\/\/fluogas.com\/index.php?rest_route=%2Fwp%2Fv2%2Fmedia&parent=5454"}],"curies":[{"name":"wp","href":"https:\/\/api.w.org\/{rel}","templated":true}]}}