{"id":5445,"date":"2020-10-17T01:09:06","date_gmt":"2020-10-17T01:09:06","guid":{"rendered":"http:\/\/macher.ga\/fluogas\/?post_type=product&#038;p=5445"},"modified":"2020-10-19T23:43:50","modified_gmt":"2020-10-19T23:43:50","slug":"ec7890b1010","status":"publish","type":"product","link":"https:\/\/fluogas.com\/?product=ec7890b1010","title":{"rendered":"EC7890B1010"},"content":{"rendered":"<div class=\"celular overview\">\n<div class=\"cuerpo\">\n<div class=\"descripcion\">\n<p class=\"ng-binding\"><span style=\"font-size: 14pt;\">Los M\u00f3dulos De Rel\u00e9 EC7890 A,B\/RM7890A,B,C de Honeywell son controles de quemadores basados en micro procesadores para su aplicaci\u00f3n en sistemas de encendido autom\u00e1tico de gas, Fuel-oil o combinaci\u00f3n de combustibles en un solo quemador. El M\u00f3dulo De Rel\u00e9 EC\/RM7890A esta considerado para la sustituci\u00f3n del Control Primario Protectorelay\u00ae RA890F,G, y H. El sistema EC\/RM7890 consiste en un m\u00f3dulo de rel\u00e9, m\u00f3dulo de pantalla con teclado (MPT), subbase, amplificador y tarjeta de purga. Las funciones proporcionadas por el EC\/RM7890 incluyen secuenciamiento autom\u00e1tico del quemador, supervisi\u00f3n de llama, indicaci\u00f3n del estado del sistema, auto diagn\u00f3stico e identificaci\u00f3n de problemas. EC7890: 220\/240 Vca, (+10%\/-15%), 50\/60 Hz (\u00b110%). Disipaci\u00f3n de Energ\u00eda: 10W m\u00e1ximo. M\u00e1xima Carga Total Conectada: 2000 VA. M\u00e1xima Carga Total Soportada por el Fusible: m\u00e1ximo 20A, tipo FRN o equivalente.<\/span><\/p>\n<\/div>\n<\/div>\n<\/div>\n<div class=\"celular fotos\">\n<div class=\"boton\"><\/div>\n<div class=\"cuerpo\">\n<div class=\"arrow arrow-left\"><\/div>\n<div class=\"imagen fadeIn ng-scope\"><\/div>\n<div class=\"arrow arrow-right\"><\/div>\n<\/div>\n<\/div>\n","protected":false},"excerpt":{"rendered":"<p>Los M\u00f3dulos De Rel\u00e9 EC7890 A,B\/RM7890A,B,C de Honeywell son controles &hellip;<\/p>\n","protected":false},"featured_media":5812,"template":"","meta":[],"_links":{"self":[{"href":"https:\/\/fluogas.com\/index.php?rest_route=\/wp\/v2\/product\/5445"}],"collection":[{"href":"https:\/\/fluogas.com\/index.php?rest_route=\/wp\/v2\/product"}],"about":[{"href":"https:\/\/fluogas.com\/index.php?rest_route=\/wp\/v2\/types\/product"}],"version-history":[{"count":0,"href":"https:\/\/fluogas.com\/index.php?rest_route=\/wp\/v2\/product\/5445\/revisions"}],"wp:featuredmedia":[{"embeddable":true,"href":"https:\/\/fluogas.com\/index.php?rest_route=\/wp\/v2\/media\/5812"}],"wp:attachment":[{"href":"https:\/\/fluogas.com\/index.php?rest_route=%2Fwp%2Fv2%2Fmedia&parent=5445"}],"curies":[{"name":"wp","href":"https:\/\/api.w.org\/{rel}","templated":true}]}}