{"id":4957,"date":"2020-09-23T20:29:01","date_gmt":"2020-09-23T20:29:01","guid":{"rendered":"http:\/\/macher.ga\/fluogas\/?post_type=product&#038;p=4957"},"modified":"2020-10-20T01:14:35","modified_gmt":"2020-10-20T01:14:35","slug":"ir-148","status":"publish","type":"product","link":"https:\/\/fluogas.com\/?product=ir-148","title":{"rendered":"IR-148"},"content":{"rendered":"<p>El modelo IR-148 es un monitor de gas infrarrojo que detecta gases t\u00f3xicos y combustibles, as\u00ed como disolventes.\u00a0Utiliza tecnolog\u00eda de detecci\u00f3n de infrarrojos, lo que permite una medici\u00f3n precisa de los vapores del gas objetivo con una m\u00ednima interferencia de otros vapores.\u00a0El modelo IR-148 se suministra como una unidad de montaje en pared configurada para 1, 4 u 8 puntos de muestreo que miden hasta 1 parte por mill\u00f3n (ppm).\u00a0Tiene dos salidas anal\u00f3gicas disponibles, cada una de las cuales se puede seleccionar mediante software entre el 10% y el 100% de la escala completa: 4-20 mA, aislada, fuente de corriente y 0-10 VCC.\u00a0Hay disponibles m\u00faltiples calibraciones de gas.<\/p>\n<p><strong>Caracter\u00edsticas y beneficios adicionales:\u00a0<\/strong><\/p>\n<ul>\n<li>Tecnolog\u00eda de detecci\u00f3n por infrarrojos<\/li>\n<li>Medici\u00f3n precisa de los vapores del gas objetivo con m\u00ednima interferencia<\/li>\n<li>El m\u00f3dulo de rel\u00e9 opcional se puede configurar para 1, 2 o 3 niveles de alarma<\/li>\n<li>4-20 mA<\/li>\n<\/ul>\n","protected":false},"excerpt":{"rendered":"<div class=\"product-description-text\">Monitor de gases infrarrojos que detecta gases y disolventes t\u00f3xicos y combustibles.<\/div>\n","protected":false},"featured_media":5853,"template":"","meta":[],"_links":{"self":[{"href":"https:\/\/fluogas.com\/index.php?rest_route=\/wp\/v2\/product\/4957"}],"collection":[{"href":"https:\/\/fluogas.com\/index.php?rest_route=\/wp\/v2\/product"}],"about":[{"href":"https:\/\/fluogas.com\/index.php?rest_route=\/wp\/v2\/types\/product"}],"version-history":[{"count":0,"href":"https:\/\/fluogas.com\/index.php?rest_route=\/wp\/v2\/product\/4957\/revisions"}],"wp:featuredmedia":[{"embeddable":true,"href":"https:\/\/fluogas.com\/index.php?rest_route=\/wp\/v2\/media\/5853"}],"wp:attachment":[{"href":"https:\/\/fluogas.com\/index.php?rest_route=%2Fwp%2Fv2%2Fmedia&parent=4957"}],"curies":[{"name":"wp","href":"https:\/\/api.w.org\/{rel}","templated":true}]}}