{"id":4943,"date":"2020-09-23T20:11:35","date_gmt":"2020-09-23T20:11:35","guid":{"rendered":"http:\/\/macher.ga\/fluogas\/?post_type=product&#038;p=4943"},"modified":"2020-10-20T01:24:11","modified_gmt":"2020-10-20T01:24:11","slug":"vertice-m","status":"publish","type":"product","link":"https:\/\/fluogas.com\/?product=vertice-m","title":{"rendered":"V\u00e9rtice M"},"content":{"rendered":"<p>V\u00e9rtice M<a name=\"OLE_LINK1\"><\/a><a name=\"OLE_LINK2\"><\/a>\u2122 es una forma econ\u00f3mica de instalar, aumentar o actualizar un sistema de monitoreo de gas para industrias que usan t\u00f3xicos.\u00a0Proporciona un control flexible de 8 a 24 puntos para su uso con hasta 3 analizadores Chemcassette o una combinaci\u00f3n de 1 analizador pirolizador \/ 1 analizador universal Chemcassette;\u00a0viene en un gabinete peque\u00f1o que ahorra espacio;\u00a0Opciones de alimentaci\u00f3n de 110 V o 220 V;\u00a0y utiliza la tecnolog\u00eda de monitoreo de gases t\u00f3xicos m\u00e1s confiable de la industria, Chemcassette colorim\u00e9trico, que muestra una prueba de una respuesta de gas a trav\u00e9s de una mancha reveladora en la cinta Chemcassette.\u00a0El Vertex M se integra f\u00e1cilmente en un sistema de automatizaci\u00f3n de f\u00e1brica o HMI para servir semiconductores, fotovoltaica, nano, productos qu\u00edmicos especializados, laboratorio y otros entornos industriales \/ de alta tecnolog\u00eda.<\/p>\n","protected":false},"excerpt":{"rendered":"<p>Proporciona un control flexible de 8 a 24 puntos mediante el uso de colorim\u00e9trico Chemcasstte\u00ae, la tecnolog\u00eda de control de gases m\u00e1s confiable de la industria.<\/p>\n","protected":false},"featured_media":5864,"template":"","meta":[],"_links":{"self":[{"href":"https:\/\/fluogas.com\/index.php?rest_route=\/wp\/v2\/product\/4943"}],"collection":[{"href":"https:\/\/fluogas.com\/index.php?rest_route=\/wp\/v2\/product"}],"about":[{"href":"https:\/\/fluogas.com\/index.php?rest_route=\/wp\/v2\/types\/product"}],"version-history":[{"count":1,"href":"https:\/\/fluogas.com\/index.php?rest_route=\/wp\/v2\/product\/4943\/revisions"}],"predecessor-version":[{"id":5863,"href":"https:\/\/fluogas.com\/index.php?rest_route=\/wp\/v2\/product\/4943\/revisions\/5863"}],"wp:featuredmedia":[{"embeddable":true,"href":"https:\/\/fluogas.com\/index.php?rest_route=\/wp\/v2\/media\/5864"}],"wp:attachment":[{"href":"https:\/\/fluogas.com\/index.php?rest_route=%2Fwp%2Fv2%2Fmedia&parent=4943"}],"curies":[{"name":"wp","href":"https:\/\/api.w.org\/{rel}","templated":true}]}}