{"id":4916,"date":"2020-09-23T19:39:37","date_gmt":"2020-09-23T19:39:37","guid":{"rendered":"http:\/\/macher.ga\/fluogas\/?post_type=product&#038;p=4916"},"modified":"2020-10-20T01:53:11","modified_gmt":"2020-10-20T01:53:11","slug":"sistema-de-calibracion-de-muelle-microdock-ii","status":"publish","type":"product","link":"https:\/\/fluogas.com\/?product=sistema-de-calibracion-de-muelle-microdock-ii","title":{"rendered":"Sistema de calibraci\u00f3n de muelle MicroDock II"},"content":{"rendered":"<p>La forma m\u00e1s rentable de gestionar la calibraci\u00f3n y las pruebas funcionales de los detectores de gas port\u00e1tiles de Honeywell Analytics es a trav\u00e9s del sistema automatizado de prueba y calibraci\u00f3n MicroDock II.\u00a0Totalmente port\u00e1til y f\u00e1cilmente expandible, el MicroDock II no requiere computadora y brinda administraci\u00f3n simult\u00e1nea de hasta seis m\u00f3dulos.\u00a0Minimice los gastos y maximice la productividad con MicroDock II.<\/p>\n","protected":false},"excerpt":{"rendered":"<p>La forma m\u00e1s rentable de gestionar la calibraci\u00f3n y las pruebas funcionales de los detectores de gas port\u00e1tiles de Honeywell Analytics es a trav\u00e9s del sistema automatizado de prueba y calibraci\u00f3n MicroDock II.\u00a0Totalmente port\u00e1til y f\u00e1cilmente expandible, el MicroDock II no requiere computadora y brinda administraci\u00f3n simult\u00e1nea de hasta seis m\u00f3dulos.\u00a0Minimice los gastos y maximice la productividad con MicroDock II.<\/p>\n","protected":false},"featured_media":5878,"template":"","meta":[],"_links":{"self":[{"href":"https:\/\/fluogas.com\/index.php?rest_route=\/wp\/v2\/product\/4916"}],"collection":[{"href":"https:\/\/fluogas.com\/index.php?rest_route=\/wp\/v2\/product"}],"about":[{"href":"https:\/\/fluogas.com\/index.php?rest_route=\/wp\/v2\/types\/product"}],"version-history":[{"count":1,"href":"https:\/\/fluogas.com\/index.php?rest_route=\/wp\/v2\/product\/4916\/revisions"}],"predecessor-version":[{"id":5877,"href":"https:\/\/fluogas.com\/index.php?rest_route=\/wp\/v2\/product\/4916\/revisions\/5877"}],"wp:featuredmedia":[{"embeddable":true,"href":"https:\/\/fluogas.com\/index.php?rest_route=\/wp\/v2\/media\/5878"}],"wp:attachment":[{"href":"https:\/\/fluogas.com\/index.php?rest_route=%2Fwp%2Fv2%2Fmedia&parent=4916"}],"curies":[{"name":"wp","href":"https:\/\/api.w.org\/{rel}","templated":true}]}}