{"id":4912,"date":"2020-09-23T19:33:04","date_gmt":"2020-09-23T19:33:04","guid":{"rendered":"http:\/\/macher.ga\/fluogas\/?post_type=product&#038;p=4912"},"modified":"2020-10-20T01:53:59","modified_gmt":"2020-10-20T01:53:59","slug":"intellidox","status":"publish","type":"product","link":"https:\/\/fluogas.com\/?product=intellidox","title":{"rendered":"IntelliDoX"},"content":{"rendered":"<p>Con el sistema de gesti\u00f3n de instrumentos IntelliDoX, simplemente coloque un detector en el m\u00f3dulo de acoplamiento y autom\u00e1ticamente realizar\u00e1 ciertas actividades seg\u00fan sus especificaciones en el software Fleet Manager II o Honeywell Safety Suite.\u00a0Puede configurar cada m\u00f3dulo para realizar una prueba funcional, reconfigurar los puntos de ajuste de alarma alta y baja del detector, y m\u00e1s.\u00a0Utilice tambi\u00e9n el software para analizar los datos de cada detector de gas, ejecutar informes, realizar un seguimiento del cumplimiento e incluso enviar recordatorios por correo electr\u00f3nico a los trabajadores.<\/p>\n<p>Gracias al dise\u00f1o \u00fanico de IntelliDoX, cada m\u00f3dulo de acoplamiento tiene su propia pantalla LCD y teclado para una operaci\u00f3n independiente, por lo que cuando agrupa varios m\u00f3dulos, puede realizar diferentes actividades para diferentes detectores, todo al mismo tiempo.<\/p>\n<p><strong>Compatible\u00a0<\/strong><\/p>\n<ul>\n<li>Serie Honeywell BW \u2122 MicroClip &#8211; Detector de gases m\u00faltiples<\/li>\n<li>Honeywell BW \u2122 Clip4 &#8211; Detector de gases m\u00faltiples<\/li>\n<li>Honeywell BW \u2122 Ultra &#8211; Detector de gases m\u00faltiples<\/li>\n<li>Honeywell BW \u2122 MaxXTII &#8211; Detector de gases m\u00faltiples<\/li>\n<li>Serie Clip BW \u2122 &#8211; Detector de un solo gas<\/li>\n<li>BW \u2122 Solo: detector de un solo gas<\/li>\n<\/ul>\n","protected":false},"excerpt":{"rendered":"<p>Con el sistema de gesti\u00f3n de instrumentos IntelliDoX, simplemente coloque un detector en el m\u00f3dulo de acoplamiento y autom\u00e1ticamente realizar\u00e1 ciertas actividades seg\u00fan sus especificaciones en el software Fleet Manager II o Honeywell Safety Suite.<\/p>\n","protected":false},"featured_media":5879,"template":"","meta":[],"_links":{"self":[{"href":"https:\/\/fluogas.com\/index.php?rest_route=\/wp\/v2\/product\/4912"}],"collection":[{"href":"https:\/\/fluogas.com\/index.php?rest_route=\/wp\/v2\/product"}],"about":[{"href":"https:\/\/fluogas.com\/index.php?rest_route=\/wp\/v2\/types\/product"}],"version-history":[{"count":1,"href":"https:\/\/fluogas.com\/index.php?rest_route=\/wp\/v2\/product\/4912\/revisions"}],"predecessor-version":[{"id":5880,"href":"https:\/\/fluogas.com\/index.php?rest_route=\/wp\/v2\/product\/4912\/revisions\/5880"}],"wp:featuredmedia":[{"embeddable":true,"href":"https:\/\/fluogas.com\/index.php?rest_route=\/wp\/v2\/media\/5879"}],"wp:attachment":[{"href":"https:\/\/fluogas.com\/index.php?rest_route=%2Fwp%2Fv2%2Fmedia&parent=4912"}],"curies":[{"name":"wp","href":"https:\/\/api.w.org\/{rel}","templated":true}]}}