{"id":4841,"date":"2020-09-23T17:40:48","date_gmt":"2020-09-23T17:40:48","guid":{"rendered":"http:\/\/macher.ga\/fluogas\/?post_type=product&#038;p=4841"},"modified":"2020-10-20T12:30:05","modified_gmt":"2020-10-20T12:30:05","slug":"sensepoint-xrl","status":"publish","type":"product","link":"https:\/\/fluogas.com\/?product=sensepoint-xrl","title":{"rendered":"Sensepoint XRL"},"content":{"rendered":"<p>Gracias al uso de Honeywell de la tecnolog\u00eda Bluetooth Low Energy (BLE), puede instalar, poner en marcha y mantener su detector de gas Sensepoint XRL, todo desde la palma de su mano.\u00a0Simplemente empareje el detector con su tel\u00e9fono inteligente;\u00a0luego use la aplicaci\u00f3n de detector de gas Sensepoint de Honeywell para realizar muchas tareas de forma inal\u00e1mbrica, desde ajustar los puntos de ajuste hasta verificar los c\u00f3digos de falla, desde una distancia de hasta 10 metros.\u00a0Sensepoint XRL est\u00e1 disponible como detector de gases inflamables para la detecci\u00f3n de gases potencialmente explosivos, o como detector de gases t\u00f3xicos para la detecci\u00f3n de una variedad de peligros de gases t\u00f3xicos que se encuentran com\u00fanmente en instalaciones industriales.<\/p>\n","protected":false},"excerpt":{"rendered":"<p>Gracias al uso de Honeywell de la tecnolog\u00eda Bluetooth Low Energy (BLE), puede instalar, poner en marcha y mantener su detector de gas Sensepoint XRL, todo desde la palma de su mano.<\/p>\n","protected":false},"featured_media":5909,"template":"","meta":[],"_links":{"self":[{"href":"https:\/\/fluogas.com\/index.php?rest_route=\/wp\/v2\/product\/4841"}],"collection":[{"href":"https:\/\/fluogas.com\/index.php?rest_route=\/wp\/v2\/product"}],"about":[{"href":"https:\/\/fluogas.com\/index.php?rest_route=\/wp\/v2\/types\/product"}],"version-history":[{"count":0,"href":"https:\/\/fluogas.com\/index.php?rest_route=\/wp\/v2\/product\/4841\/revisions"}],"wp:featuredmedia":[{"embeddable":true,"href":"https:\/\/fluogas.com\/index.php?rest_route=\/wp\/v2\/media\/5909"}],"wp:attachment":[{"href":"https:\/\/fluogas.com\/index.php?rest_route=%2Fwp%2Fv2%2Fmedia&parent=4841"}],"curies":[{"name":"wp","href":"https:\/\/api.w.org\/{rel}","templated":true}]}}