{"id":4830,"date":"2020-09-23T17:18:24","date_gmt":"2020-09-23T17:18:24","guid":{"rendered":"http:\/\/macher.ga\/fluogas\/?post_type=product&#038;p=4830"},"modified":"2020-10-20T12:40:11","modified_gmt":"2020-10-20T12:40:11","slug":"transmisores-serie-3000-mkll-y-mklll-con-sensor","status":"publish","type":"product","link":"https:\/\/fluogas.com\/?product=transmisores-serie-3000-mkll-y-mklll-con-sensor","title":{"rendered":"Transmisores serie 3000 Mkll y Mklll con sensor"},"content":{"rendered":"<p>La gama de transmisores de la Serie 3000 proporciona un control exhaustivo de los peligros de gases t\u00f3xicos y de ox\u00edgeno en atm\u00f3sferas potencialmente explosivas.\u00a0Aptas para montaje tanto en interiores como en exteriores, est\u00e1n disponibles en dos versiones y ofrecen una excelente versatilidad.\u00a0El MkII est\u00e1 contenido en una carcasa antideflagrante, tiene una conexi\u00f3n de sensor intr\u00ednsecamente segura y se utiliza principalmente en aplicaciones de Zona 1.\u00a0Sin embargo, con el uso del kit de montaje remoto opcional, el sensor del MkII se puede montar en un entorno de Zona 0.\u00a0El MkIII se usa con una barrera IS adecuada separada que permite que el transmisor completo se use en aplicaciones de Zona 0.<\/p>\n","protected":false},"excerpt":{"rendered":"<p>La gama de transmisores de la Serie 3000 proporciona un control exhaustivo de los peligros de gases t\u00f3xicos y de ox\u00edgeno en atm\u00f3sferas potencialmente explosivas.<\/p>\n","protected":false},"featured_media":5914,"template":"","meta":[],"_links":{"self":[{"href":"https:\/\/fluogas.com\/index.php?rest_route=\/wp\/v2\/product\/4830"}],"collection":[{"href":"https:\/\/fluogas.com\/index.php?rest_route=\/wp\/v2\/product"}],"about":[{"href":"https:\/\/fluogas.com\/index.php?rest_route=\/wp\/v2\/types\/product"}],"version-history":[{"count":0,"href":"https:\/\/fluogas.com\/index.php?rest_route=\/wp\/v2\/product\/4830\/revisions"}],"wp:featuredmedia":[{"embeddable":true,"href":"https:\/\/fluogas.com\/index.php?rest_route=\/wp\/v2\/media\/5914"}],"wp:attachment":[{"href":"https:\/\/fluogas.com\/index.php?rest_route=%2Fwp%2Fv2%2Fmedia&parent=4830"}],"curies":[{"name":"wp","href":"https:\/\/api.w.org\/{rel}","templated":true}]}}