{"id":4781,"date":"2020-09-11T17:04:53","date_gmt":"2020-09-11T17:04:53","guid":{"rendered":"http:\/\/macher.ga\/fluogas\/?post_type=product&#038;p=4781"},"modified":"2020-10-20T14:31:44","modified_gmt":"2020-10-20T14:31:44","slug":"serie-gkm","status":"publish","type":"product","link":"https:\/\/fluogas.com\/?product=serie-gkm","title":{"rendered":"Serie GKM"},"content":{"rendered":"<p>La Serie GKM MICRO SWITCH es la l\u00ednea de productos miniatura de Honeywell que ofrece uno de los interruptores operados con llave m\u00e1s peque\u00f1os en el mercado. La Serie\u00a0GKM ofrece un funcionamiento en cascada para reducir los tiempos de instalaci\u00f3n e inactividad. Las versiones precableadas permiten un calce r\u00e1pido y un enrutamiento de cables y verificaci\u00f3n de funciones sencillos, adem\u00e1s de potenciales recortes de costos significativos en aplicaciones de fabricantes de equipos originales. De acuerdo con el c\u00f3digo de seguridad EN\u00a060954-1, los componentes que se usan solos cumplen con la Categor\u00eda 1. Al usar componentes en conjunto con otros m\u00f3dulos e interruptores de seguridad, es posible construir esquemas de protecci\u00f3n integrales que cumplen con la Categor\u00eda 2,\u00a03\u00a0o\u00a04. Se ofrecen soluciones sencillas de mejora de protecci\u00f3n para aplicaciones de usuario final.<\/p>\n","protected":false},"excerpt":{"rendered":"<p>La Serie GKM MICRO SWITCH es la l\u00ednea de productos miniatura de Honeywell que ofrece uno de los interruptores operados con llave m\u00e1s peque\u00f1os en el mercado.<\/p>\n","protected":false},"featured_media":5942,"template":"","meta":[],"_links":{"self":[{"href":"https:\/\/fluogas.com\/index.php?rest_route=\/wp\/v2\/product\/4781"}],"collection":[{"href":"https:\/\/fluogas.com\/index.php?rest_route=\/wp\/v2\/product"}],"about":[{"href":"https:\/\/fluogas.com\/index.php?rest_route=\/wp\/v2\/types\/product"}],"version-history":[{"count":0,"href":"https:\/\/fluogas.com\/index.php?rest_route=\/wp\/v2\/product\/4781\/revisions"}],"wp:featuredmedia":[{"embeddable":true,"href":"https:\/\/fluogas.com\/index.php?rest_route=\/wp\/v2\/media\/5942"}],"wp:attachment":[{"href":"https:\/\/fluogas.com\/index.php?rest_route=%2Fwp%2Fv2%2Fmedia&parent=4781"}],"curies":[{"name":"wp","href":"https:\/\/api.w.org\/{rel}","templated":true}]}}