{"id":4742,"date":"2020-09-11T16:28:29","date_gmt":"2020-09-11T16:28:29","guid":{"rendered":"http:\/\/macher.ga\/fluogas\/?post_type=product&#038;p=4742"},"modified":"2020-10-20T15:06:17","modified_gmt":"2020-10-20T15:06:17","slug":"serie-ex-2","status":"publish","type":"product","link":"https:\/\/fluogas.com\/?product=serie-ex-2","title":{"rendered":"Serie EX"},"content":{"rendered":"<div id=\"showMoreText3\" class=\"honShowMore\">\n<p>Los interruptores manuales Serie ET MICRO SWITCH son un tipo especializado de interruptor manual con un mecanismo de traba el\u00e9ctrico. El mecanismo de traba (solenoide interno en el interruptor) est\u00e1 dise\u00f1ado para mantener los contactos del interruptor moment\u00e1neamente cerrados una vez que se acciona el interruptor manual. Un conjunto auxiliar o remoto de contactos abre el circuito de solenoide del interruptor y libera el mecanismo de la palanca manual, al tiempo que abre los contactos del interruptor que estaban cerrados.<\/p>\n<p>Para cumplir con una variedad de aplicaciones, los interruptores manuales ET est\u00e1n disponibles con hasta cuatro polos, dos o tres posiciones de palanca manual, con o sin bloqueos de palanca. La mayor\u00eda de los interruptores manuales Serie ET se monta en un orificio del tama\u00f1o popular de 15\/32\u00a0pulgadas de di\u00e1metro. Los interruptores manuales ET est\u00e1n dise\u00f1ados de acuerdo con los est\u00e1ndares militares de SAE AS55941 y muchos cuentan con calificaci\u00f3n militar.<\/p>\n<\/div>\n","protected":false},"excerpt":{"rendered":"<p>Los interruptores manuales Serie ET MICRO SWITCH son un tipo especializado de interruptor manual con un mecanismo de traba el\u00e9ctrico.<\/p>\n","protected":false},"featured_media":5967,"template":"","meta":[],"_links":{"self":[{"href":"https:\/\/fluogas.com\/index.php?rest_route=\/wp\/v2\/product\/4742"}],"collection":[{"href":"https:\/\/fluogas.com\/index.php?rest_route=\/wp\/v2\/product"}],"about":[{"href":"https:\/\/fluogas.com\/index.php?rest_route=\/wp\/v2\/types\/product"}],"version-history":[{"count":0,"href":"https:\/\/fluogas.com\/index.php?rest_route=\/wp\/v2\/product\/4742\/revisions"}],"wp:featuredmedia":[{"embeddable":true,"href":"https:\/\/fluogas.com\/index.php?rest_route=\/wp\/v2\/media\/5967"}],"wp:attachment":[{"href":"https:\/\/fluogas.com\/index.php?rest_route=%2Fwp%2Fv2%2Fmedia&parent=4742"}],"curies":[{"name":"wp","href":"https:\/\/api.w.org\/{rel}","templated":true}]}}