{"id":4740,"date":"2020-09-11T16:24:21","date_gmt":"2020-09-11T16:24:21","guid":{"rendered":"http:\/\/macher.ga\/fluogas\/?post_type=product&#038;p=4740"},"modified":"2020-10-20T15:06:57","modified_gmt":"2020-10-20T15:06:57","slug":"serie-ts","status":"publish","type":"product","link":"https:\/\/fluogas.com\/?product=serie-ts","title":{"rendered":"Serie TS"},"content":{"rendered":"<p>Los interruptores manuales Serie\u00a0TS MICRO SWITCH se pueden usar en cualquier lugar en que se desee tener operaci\u00f3n manual. Son una soluci\u00f3n b\u00e1sica para las aplicaciones que no requieren un interruptor manual sellado. Tambi\u00e9n se pueden proveer circuitos especiales on-on-on. Los interruptores Serie\u00a0TS MICRO SWITCH ofrecen una amplia disponibilidad de circuitos y acci\u00f3n, entre ellas, opciones de 2 o 3\u00a0posiciones, acciones moment\u00e1neas y sostenidas, y circuitos unipolares y bipolares. Los interruptores est\u00e1n disponibles con estilos de terminaciones de soldadura, tornillo o conexi\u00f3n r\u00e1pida.<\/p>\n","protected":false},"excerpt":{"rendered":"<p>Los interruptores manuales Serie\u00a0TS MICRO SWITCH se pueden usar en cualquier lugar en que se desee tener operaci\u00f3n manual.<\/p>\n","protected":false},"featured_media":5968,"template":"","meta":[],"_links":{"self":[{"href":"https:\/\/fluogas.com\/index.php?rest_route=\/wp\/v2\/product\/4740"}],"collection":[{"href":"https:\/\/fluogas.com\/index.php?rest_route=\/wp\/v2\/product"}],"about":[{"href":"https:\/\/fluogas.com\/index.php?rest_route=\/wp\/v2\/types\/product"}],"version-history":[{"count":0,"href":"https:\/\/fluogas.com\/index.php?rest_route=\/wp\/v2\/product\/4740\/revisions"}],"wp:featuredmedia":[{"embeddable":true,"href":"https:\/\/fluogas.com\/index.php?rest_route=\/wp\/v2\/media\/5968"}],"wp:attachment":[{"href":"https:\/\/fluogas.com\/index.php?rest_route=%2Fwp%2Fv2%2Fmedia&parent=4740"}],"curies":[{"name":"wp","href":"https:\/\/api.w.org\/{rel}","templated":true}]}}