{"id":4738,"date":"2020-09-11T16:22:31","date_gmt":"2020-09-11T16:22:31","guid":{"rendered":"http:\/\/macher.ga\/fluogas\/?post_type=product&#038;p=4738"},"modified":"2020-10-20T15:08:06","modified_gmt":"2020-10-20T15:08:06","slug":"serie-tw","status":"publish","type":"product","link":"https:\/\/fluogas.com\/?product=serie-tw","title":{"rendered":"Serie TW"},"content":{"rendered":"<div id=\"showMoreText3\" class=\"honShowMore\">\n<p>Los interruptores manuales Serie\u00a0TW MICRO SWITCH de Honeywell tienen calificaci\u00f3n militar seg\u00fan las especificaciones de MIL-83731 para interruptores manuales sellados y no sellados. Las caracter\u00edsticas de la construcci\u00f3n de calidad incluyen un sello adherido disponible entre la palanca manual y el manguito para aquellas aplicaciones en las que no se puede tolerar una falla relacionada con el sello.<\/p>\n<p>El dise\u00f1o duradero del interruptor manual Serie\u00a0TW es ideal para numerosas aplicaciones militares, aeroespaciales y otras aplicaciones exigentes donde el espacio detr\u00e1s del panel es limitado. Estas aplicaciones incluyen los ambientes donde los paneles est\u00e1n sujetos a golpes mec\u00e1nicos, vibraci\u00f3n, polvo, salpicaduras o chorros de manguera y temperaturas extremas.<\/p>\n<p>Los interruptores manuales TW MICRO SWITCH tienen un dise\u00f1o miniatura de grado militar con capacidades de sellado a prueba de factores ambientales y pueden configurarse con una amplia selecci\u00f3n de circuitos, terminaciones el\u00e9ctricas, dise\u00f1os de palanca y manguito y opciones de material de contacto para satisfacer diferentes aplicaciones.<\/p>\n<\/div>\n","protected":false},"excerpt":{"rendered":"<p>Los interruptores manuales Serie\u00a0TW MICRO SWITCH de Honeywell tienen calificaci\u00f3n militar seg\u00fan las especificaciones de MIL-83731 para interruptores manuales sellados y no sellados.<\/p>\n","protected":false},"featured_media":5969,"template":"","meta":[],"_links":{"self":[{"href":"https:\/\/fluogas.com\/index.php?rest_route=\/wp\/v2\/product\/4738"}],"collection":[{"href":"https:\/\/fluogas.com\/index.php?rest_route=\/wp\/v2\/product"}],"about":[{"href":"https:\/\/fluogas.com\/index.php?rest_route=\/wp\/v2\/types\/product"}],"version-history":[{"count":0,"href":"https:\/\/fluogas.com\/index.php?rest_route=\/wp\/v2\/product\/4738\/revisions"}],"wp:featuredmedia":[{"embeddable":true,"href":"https:\/\/fluogas.com\/index.php?rest_route=\/wp\/v2\/media\/5969"}],"wp:attachment":[{"href":"https:\/\/fluogas.com\/index.php?rest_route=%2Fwp%2Fv2%2Fmedia&parent=4738"}],"curies":[{"name":"wp","href":"https:\/\/api.w.org\/{rel}","templated":true}]}}