{"id":38,"date":"2020-09-10T19:37:22","date_gmt":"2020-09-10T19:37:22","guid":{"rendered":"http:\/\/macher.ga\/fluogas\/?post_type=product&#038;p=38"},"modified":"2020-10-20T19:28:49","modified_gmt":"2020-10-20T19:28:49","slug":"serie-gll","status":"publish","type":"product","link":"https:\/\/fluogas.com\/?product=serie-gll","title":{"rendered":"Serie GLL"},"content":{"rendered":"<p>La carcasa compacta con doble aislamiento de los interruptores l\u00edmite de carrera Serie GLL MICRO SWITCH de Honeywell cumple con\u00a0EN500047, de manera que los interruptores Serie GLL son ideales para montar en lugares donde el espacio es reducido. Estos productos ofrecen circuitos normalmente cerrados con apertura directa. La Serie GLL MICRO SWITCH est\u00e1 disponible en una gran variedad de estilos de actuadores requeridos para aplicaciones de OEM. Dise\u00f1ada seg\u00fan la norma el\u00e9ctrica IEC, la serie GLL se puede usar en todo el mundo y, adem\u00e1s, cumple con normas de montaje aceptadas mundialmente<\/p>\n","protected":false},"excerpt":{"rendered":"<p>La carcasa compacta con doble aislamiento de los interruptores l\u00edmite de carrera Serie GLL MICRO SWITCH de Honeywell cumple con\u00a0EN500047, de manera que los interruptores Serie GLL son ideales para montar en lugares donde el espacio es reducido.<\/p>\n","protected":false},"featured_media":6045,"template":"","meta":[],"_links":{"self":[{"href":"https:\/\/fluogas.com\/index.php?rest_route=\/wp\/v2\/product\/38"}],"collection":[{"href":"https:\/\/fluogas.com\/index.php?rest_route=\/wp\/v2\/product"}],"about":[{"href":"https:\/\/fluogas.com\/index.php?rest_route=\/wp\/v2\/types\/product"}],"version-history":[{"count":1,"href":"https:\/\/fluogas.com\/index.php?rest_route=\/wp\/v2\/product\/38\/revisions"}],"predecessor-version":[{"id":6047,"href":"https:\/\/fluogas.com\/index.php?rest_route=\/wp\/v2\/product\/38\/revisions\/6047"}],"wp:featuredmedia":[{"embeddable":true,"href":"https:\/\/fluogas.com\/index.php?rest_route=\/wp\/v2\/media\/6045"}],"wp:attachment":[{"href":"https:\/\/fluogas.com\/index.php?rest_route=%2Fwp%2Fv2%2Fmedia&parent=38"}],"curies":[{"name":"wp","href":"https:\/\/api.w.org\/{rel}","templated":true}]}}